{"id":402,"date":"2021-02-05T20:14:53","date_gmt":"2021-02-05T20:14:53","guid":{"rendered":"http:\/\/uromed.pl\/?page_id=402"},"modified":"2024-01-05T20:06:13","modified_gmt":"2024-01-05T20:06:13","slug":"gabinety-do-wynajecia","status":"publish","type":"page","link":"https:\/\/uromed.pl\/?page_id=402","title":{"rendered":""},"content":{"rendered":"\n<div class=\"wp-block-columns is-layout-flex wp-container-core-columns-is-layout-9d6595d7 wp-block-columns-is-layout-flex\">\n<div class=\"wp-block-column is-layout-flow wp-block-column-is-layout-flow\" style=\"flex-basis:100%\">\n<pre class=\"wp-block-verse\">Gabinety lekarskie i zabiegowe, sale operacyjne, oddzia\u0142 szpitalny\ndo wy\u0142\u0105cznej dyspozycji lub dzielone, czynne 24\/7, w\u0142asny parking <\/pre>\n<\/div>\n<\/div>\n\n\n\n<figure class=\"wp-block-image size-large\"><img loading=\"lazy\" decoding=\"async\" width=\"1024\" height=\"1024\" src=\"https:\/\/uromed.pl\/wp-content\/uploads\/2022\/09\/20220824_093226-1024x1024.jpg\" alt=\"\" class=\"wp-image-837\" srcset=\"https:\/\/uromed.pl\/wp-content\/uploads\/2022\/09\/20220824_093226-1024x1024.jpg 1024w, https:\/\/uromed.pl\/wp-content\/uploads\/2022\/09\/20220824_093226-300x300.jpg 300w, https:\/\/uromed.pl\/wp-content\/uploads\/2022\/09\/20220824_093226-150x150.jpg 150w, https:\/\/uromed.pl\/wp-content\/uploads\/2022\/09\/20220824_093226-768x768.jpg 768w, https:\/\/uromed.pl\/wp-content\/uploads\/2022\/09\/20220824_093226-1536x1536.jpg 1536w, https:\/\/uromed.pl\/wp-content\/uploads\/2022\/09\/20220824_093226-2048x2048.jpg 2048w\" sizes=\"auto, (max-width: 1024px) 100vw, 1024px\" \/><\/figure>\n\n\n\n<figure class=\"wp-block-image size-large\"><img loading=\"lazy\" decoding=\"async\" width=\"1024\" height=\"1024\" src=\"https:\/\/uromed.pl\/wp-content\/uploads\/2022\/04\/20220422_150439-1024x1024.jpg\" alt=\"\" class=\"wp-image-815\" srcset=\"https:\/\/uromed.pl\/wp-content\/uploads\/2022\/04\/20220422_150439-1024x1024.jpg 1024w, https:\/\/uromed.pl\/wp-content\/uploads\/2022\/04\/20220422_150439-300x300.jpg 300w, https:\/\/uromed.pl\/wp-content\/uploads\/2022\/04\/20220422_150439-150x150.jpg 150w, https:\/\/uromed.pl\/wp-content\/uploads\/2022\/04\/20220422_150439-768x768.jpg 768w, https:\/\/uromed.pl\/wp-content\/uploads\/2022\/04\/20220422_150439-1536x1536.jpg 1536w, https:\/\/uromed.pl\/wp-content\/uploads\/2022\/04\/20220422_150439-2048x2048.jpg 2048w\" sizes=\"auto, (max-width: 1024px) 100vw, 1024px\" \/><\/figure>\n\n\n\n<figure class=\"wp-block-gallery has-nested-images columns-default is-cropped wp-block-gallery-1 is-layout-flex wp-block-gallery-is-layout-flex\">\n<figure class=\"wp-block-image size-large\"><img loading=\"lazy\" decoding=\"async\" width=\"680\" height=\"1024\" data-id=\"415\" src=\"https:\/\/uromed.pl\/wp-content\/uploads\/2021\/02\/DSC0019-680x1024.jpg\" alt=\"\" class=\"wp-image-415\" srcset=\"https:\/\/uromed.pl\/wp-content\/uploads\/2021\/02\/DSC0019-680x1024.jpg 680w, https:\/\/uromed.pl\/wp-content\/uploads\/2021\/02\/DSC0019-199x300.jpg 199w, https:\/\/uromed.pl\/wp-content\/uploads\/2021\/02\/DSC0019-768x1156.jpg 768w, https:\/\/uromed.pl\/wp-content\/uploads\/2021\/02\/DSC0019-1020x1536.jpg 1020w, https:\/\/uromed.pl\/wp-content\/uploads\/2021\/02\/DSC0019-1360x2048.jpg 1360w, https:\/\/uromed.pl\/wp-content\/uploads\/2021\/02\/DSC0019-scaled.jpg 1700w\" sizes=\"auto, (max-width: 680px) 100vw, 680px\" \/><\/figure>\n\n\n\n<figure class=\"wp-block-image size-large\"><img loading=\"lazy\" decoding=\"async\" width=\"1024\" height=\"768\" data-id=\"250\" src=\"https:\/\/uromed.pl\/wp-content\/uploads\/2021\/02\/20170209_093255-edited-1024x768.jpg\" alt=\"\" class=\"wp-image-250\" srcset=\"https:\/\/uromed.pl\/wp-content\/uploads\/2021\/02\/20170209_093255-edited-1024x768.jpg 1024w, https:\/\/uromed.pl\/wp-content\/uploads\/2021\/02\/20170209_093255-edited-300x225.jpg 300w, https:\/\/uromed.pl\/wp-content\/uploads\/2021\/02\/20170209_093255-edited-768x576.jpg 768w, https:\/\/uromed.pl\/wp-content\/uploads\/2021\/02\/20170209_093255-edited-1536x1152.jpg 1536w, https:\/\/uromed.pl\/wp-content\/uploads\/2021\/02\/20170209_093255-edited-2048x1536.jpg 2048w, https:\/\/uromed.pl\/wp-content\/uploads\/2021\/02\/20170209_093255-edited-80x60.jpg 80w\" sizes=\"auto, (max-width: 1024px) 100vw, 1024px\" \/><\/figure>\n\n\n\n<figure class=\"wp-block-image size-large\"><img loading=\"lazy\" decoding=\"async\" width=\"1024\" height=\"680\" data-id=\"418\" src=\"https:\/\/uromed.pl\/wp-content\/uploads\/2021\/02\/DSC0030-1024x680.jpg\" alt=\"\" class=\"wp-image-418\" srcset=\"https:\/\/uromed.pl\/wp-content\/uploads\/2021\/02\/DSC0030-1024x680.jpg 1024w, https:\/\/uromed.pl\/wp-content\/uploads\/2021\/02\/DSC0030-300x199.jpg 300w, https:\/\/uromed.pl\/wp-content\/uploads\/2021\/02\/DSC0030-768x510.jpg 768w, https:\/\/uromed.pl\/wp-content\/uploads\/2021\/02\/DSC0030-1536x1020.jpg 1536w, https:\/\/uromed.pl\/wp-content\/uploads\/2021\/02\/DSC0030-2048x1360.jpg 2048w\" sizes=\"auto, (max-width: 1024px) 100vw, 1024px\" \/><\/figure>\n\n\n\n<figure class=\"wp-block-image size-large\"><img loading=\"lazy\" decoding=\"async\" width=\"1024\" height=\"768\" data-id=\"425\" src=\"https:\/\/uromed.pl\/wp-content\/uploads\/2021\/02\/003-1-1024x768.jpg\" alt=\"\" class=\"wp-image-425\" srcset=\"https:\/\/uromed.pl\/wp-content\/uploads\/2021\/02\/003-1-1024x768.jpg 1024w, https:\/\/uromed.pl\/wp-content\/uploads\/2021\/02\/003-1-300x225.jpg 300w, https:\/\/uromed.pl\/wp-content\/uploads\/2021\/02\/003-1-768x576.jpg 768w, https:\/\/uromed.pl\/wp-content\/uploads\/2021\/02\/003-1-1536x1152.jpg 1536w, https:\/\/uromed.pl\/wp-content\/uploads\/2021\/02\/003-1-2048x1536.jpg 2048w, https:\/\/uromed.pl\/wp-content\/uploads\/2021\/02\/003-1-80x60.jpg 80w\" sizes=\"auto, (max-width: 1024px) 100vw, 1024px\" \/><\/figure>\n<\/figure>\n\n\n\n<pre class=\"wp-block-verse\"><\/pre>\n\n\n\n<h2 class=\"wp-block-heading\"><\/h2>\n","protected":false},"excerpt":{"rendered":"<p>Gabinety lekarskie i zabiegowe, sale operacyjne, oddzia\u0142 szpitalny do wy\u0142\u0105cznej dyspozycji lub dzielone, czynne 24\/7, w\u0142asny parking<\/p>\n","protected":false},"author":1,"featured_media":0,"parent":0,"menu_order":0,"comment_status":"closed","ping_status":"closed","template":"","meta":{"footnotes":""},"class_list":["post-402","page","type-page","status-publish","hentry"],"_links":{"self":[{"href":"https:\/\/uromed.pl\/index.php?rest_route=\/wp\/v2\/pages\/402","targetHints":{"allow":["GET"]}}],"collection":[{"href":"https:\/\/uromed.pl\/index.php?rest_route=\/wp\/v2\/pages"}],"about":[{"href":"https:\/\/uromed.pl\/index.php?rest_route=\/wp\/v2\/types\/page"}],"author":[{"embeddable":true,"href":"https:\/\/uromed.pl\/index.php?rest_route=\/wp\/v2\/users\/1"}],"replies":[{"embeddable":true,"href":"https:\/\/uromed.pl\/index.php?rest_route=%2Fwp%2Fv2%2Fcomments&post=402"}],"version-history":[{"count":18,"href":"https:\/\/uromed.pl\/index.php?rest_route=\/wp\/v2\/pages\/402\/revisions"}],"predecessor-version":[{"id":1140,"href":"https:\/\/uromed.pl\/index.php?rest_route=\/wp\/v2\/pages\/402\/revisions\/1140"}],"wp:attachment":[{"href":"https:\/\/uromed.pl\/index.php?rest_route=%2Fwp%2Fv2%2Fmedia&parent=402"}],"curies":[{"name":"wp","href":"https:\/\/api.w.org\/{rel}","templated":true}]}}